{"id":1927,"date":"2026-01-16T13:53:52","date_gmt":"2026-01-16T12:53:52","guid":{"rendered":"https:\/\/aulari.cat\/curso\/taller-de-arroces-nivell-1-dia-19-02-25-a-les-18h\/"},"modified":"2026-01-16T13:53:52","modified_gmt":"2026-01-16T12:53:52","slug":"taller-de-arroces-nivell-1-dia-19-02-25-a-les-18h","status":"publish","type":"tribe_events","link":"https:\/\/aulari.cat\/es\/curso\/taller-de-arroces-nivell-1-dia-19-02-25-a-les-18h\/","title":{"rendered":"Taller de arroces nivell 1. dia 19-02-25 a les 18h."},"content":{"rendered":"<p>Introducci\u00f3n al mundo del arroz: las variedades y las t\u00e9cnicas de cocci\u00f3n. Elaboraci\u00f3n y cata de tres arroces con tres t\u00e9cnicas diferentes desde el inicio y posterior degustaci\u00f3n. Taller de iniciaci\u00f3n que permite el acceso a un taller de arroces superior<\/p>\n<p>Recipientes y \u00fatiles m\u00e1s habituales. Los sofritos, las \u201cmarcas\u201d y los caldos.<\/p>\n<p>Desmontamos t\u00f3picos y asentamos las bases para cocinar un buen arroz de forma exitosa<\/p>\n<p>Elaboraci\u00f3n y cata de tres arroces con tres t\u00e9cnicas distintas desde el inicio y posterior degustaci\u00f3n.<\/p>\n<p>Taller de iniciaci\u00f3n que permite el acceso a un taller de arroces superior<\/p>\n","protected":false},"excerpt":{"rendered":"<p>Introducci\u00f3n al mundo del arroz: las variedades y las t\u00e9cnicas de cocci\u00f3n. Elaboraci\u00f3n y cata de tres arroces con tres t\u00e9cnicas diferentes desde el inicio y posterior degustaci\u00f3n. Taller de [&hellip;]<\/p>\n","protected":false},"author":2,"featured_media":880,"comment_status":"closed","ping_status":"closed","template":"","meta":{"_acf_changed":false,"_price":"","_stock":"","_tribe_ticket_header":"","_tribe_default_ticket_provider":"","_tribe_ticket_capacity":"0","_ticket_start_date":"","_ticket_end_date":"","_tribe_ticket_show_description":"","_tribe_ticket_show_not_going":false,"_tribe_ticket_use_global_stock":"","_tribe_ticket_global_stock_level":"","_global_stock_mode":"","_global_stock_cap":"","_tribe_rsvp_for_event":"","_tribe_ticket_going_count":"","_tribe_ticket_not_going_count":"","_tribe_tickets_list":"[]","_tribe_ticket_has_attendee_info_fields":false,"_tribe_events_status":"","_tribe_events_status_reason":"","footnotes":"","_tec_slr_enabled":"","_tec_slr_layout":""},"tags":[],"tribe_events_cat":[79],"class_list":["post-1927","tribe_events","type-tribe_events","status-publish","has-post-thumbnail","hentry","tribe_events_cat-arroces","cat_arroces"],"acf":[],"yoast_head":"<!-- This site is optimized with the Yoast SEO plugin v24.3 - https:\/\/yoast.com\/wordpress\/plugins\/seo\/ -->\n<title>Taller de arroces nivell 1. dia 19-02-25 a les 18h. - aulari<\/title>\n<meta name=\"description\" content=\"Introducci\u00f3n al mundo del arroz: las variedades y las t\u00e9cnicas de cocci\u00f3n. Elaboraci\u00f3n y cata de tres arroces con tres t\u00e9cnicas diferentes desde el inicio y posterior degustaci\u00f3n. Taller de iniciaci\u00f3n que permite el acceso a un taller de arroces superior\" \/>\n<meta name=\"robots\" content=\"index, follow, max-snippet:-1, max-image-preview:large, max-video-preview:-1\" \/>\n<link rel=\"canonical\" href=\"https:\/\/aulari.cat\/es\/curso\/taller-de-arroces-nivell-1-dia-19-02-25-a-les-18h\/\" \/>\n<meta property=\"og:locale\" content=\"es_ES\" \/>\n<meta property=\"og:type\" content=\"article\" \/>\n<meta property=\"og:title\" content=\"Taller de arroces nivell 1. dia 19-02-25 a les 18h. - aulari\" \/>\n<meta property=\"og:description\" content=\"Introducci\u00f3n al mundo del arroz: las variedades y las t\u00e9cnicas de cocci\u00f3n. Elaboraci\u00f3n y cata de tres arroces con tres t\u00e9cnicas diferentes desde el inicio y posterior degustaci\u00f3n. Taller de iniciaci\u00f3n que permite el acceso a un taller de arroces superior\" \/>\n<meta property=\"og:url\" content=\"https:\/\/aulari.cat\/es\/curso\/taller-de-arroces-nivell-1-dia-19-02-25-a-les-18h\/\" \/>\n<meta property=\"og:site_name\" content=\"aulari\" \/>\n<meta property=\"og:image\" content=\"https:\/\/aulari.cat\/wp-content\/uploads\/2023\/10\/arros-e1762441367959.jpg\" \/>\n\t<meta property=\"og:image:width\" content=\"570\" \/>\n\t<meta property=\"og:image:height\" content=\"727\" \/>\n\t<meta property=\"og:image:type\" content=\"image\/jpeg\" \/>\n<meta name=\"twitter:card\" content=\"summary_large_image\" \/>\n<meta name=\"twitter:label1\" content=\"Tiempo de lectura\" \/>\n\t<meta name=\"twitter:data1\" content=\"1 minuto\" \/>\n<script type=\"application\/ld+json\" class=\"yoast-schema-graph\">{\"@context\":\"https:\/\/schema.org\",\"@graph\":[{\"@type\":\"WebPage\",\"@id\":\"https:\/\/aulari.cat\/es\/curso\/taller-de-arroces-nivell-1-dia-19-02-25-a-les-18h\/\",\"url\":\"https:\/\/aulari.cat\/es\/curso\/taller-de-arroces-nivell-1-dia-19-02-25-a-les-18h\/\",\"name\":\"Taller de arroces nivell 1. dia 19-02-25 a les 18h. - aulari\",\"isPartOf\":{\"@id\":\"https:\/\/aulari.cat\/#website\"},\"primaryImageOfPage\":{\"@id\":\"https:\/\/aulari.cat\/es\/curso\/taller-de-arroces-nivell-1-dia-19-02-25-a-les-18h\/#primaryimage\"},\"image\":{\"@id\":\"https:\/\/aulari.cat\/es\/curso\/taller-de-arroces-nivell-1-dia-19-02-25-a-les-18h\/#primaryimage\"},\"thumbnailUrl\":\"https:\/\/aulari.cat\/wp-content\/uploads\/2023\/10\/arros-e1762441367959.jpg\",\"datePublished\":\"2026-01-16T12:53:52+00:00\",\"dateModified\":\"2026-01-16T12:53:52+00:00\",\"description\":\"Introducci\u00f3n al mundo del arroz: las variedades y las t\u00e9cnicas de cocci\u00f3n. Elaboraci\u00f3n y cata de tres arroces con tres t\u00e9cnicas diferentes desde el inicio y posterior degustaci\u00f3n. Taller de iniciaci\u00f3n que permite el acceso a un taller de arroces superior\",\"breadcrumb\":{\"@id\":\"https:\/\/aulari.cat\/es\/curso\/taller-de-arroces-nivell-1-dia-19-02-25-a-les-18h\/#breadcrumb\"},\"inLanguage\":\"es\",\"potentialAction\":[{\"@type\":\"ReadAction\",\"target\":[\"https:\/\/aulari.cat\/es\/curso\/taller-de-arroces-nivell-1-dia-19-02-25-a-les-18h\/\"]}]},{\"@type\":\"ImageObject\",\"inLanguage\":\"es\",\"@id\":\"https:\/\/aulari.cat\/es\/curso\/taller-de-arroces-nivell-1-dia-19-02-25-a-les-18h\/#primaryimage\",\"url\":\"https:\/\/aulari.cat\/wp-content\/uploads\/2023\/10\/arros-e1762441367959.jpg\",\"contentUrl\":\"https:\/\/aulari.cat\/wp-content\/uploads\/2023\/10\/arros-e1762441367959.jpg\",\"width\":570,\"height\":727,\"caption\":\"Taller de cuina arros\"},{\"@type\":\"BreadcrumbList\",\"@id\":\"https:\/\/aulari.cat\/es\/curso\/taller-de-arroces-nivell-1-dia-19-02-25-a-les-18h\/#breadcrumb\",\"itemListElement\":[{\"@type\":\"ListItem\",\"position\":1,\"name\":\"Inici\",\"item\":\"https:\/\/aulari.cat\/es\/inicio\/\"},{\"@type\":\"ListItem\",\"position\":2,\"name\":\"Esdeveniments\",\"item\":\"https:\/\/aulari.cat\/cursos\/\"},{\"@type\":\"ListItem\",\"position\":3,\"name\":\"Taller de arroces nivell 1. dia 19-02-25 a les 18h.\"}]},{\"@type\":\"WebSite\",\"@id\":\"https:\/\/aulari.cat\/#website\",\"url\":\"https:\/\/aulari.cat\/\",\"name\":\"Taller de cuina Aulari\",\"description\":\"Taller de cuina\",\"publisher\":{\"@id\":\"https:\/\/aulari.cat\/#organization\"},\"potentialAction\":[{\"@type\":\"SearchAction\",\"target\":{\"@type\":\"EntryPoint\",\"urlTemplate\":\"https:\/\/aulari.cat\/?s={search_term_string}\"},\"query-input\":{\"@type\":\"PropertyValueSpecification\",\"valueRequired\":true,\"valueName\":\"search_term_string\"}}],\"inLanguage\":\"es\"},{\"@type\":\"Organization\",\"@id\":\"https:\/\/aulari.cat\/#organization\",\"name\":\"aulari\",\"url\":\"https:\/\/aulari.cat\/\",\"logo\":{\"@type\":\"ImageObject\",\"inLanguage\":\"es\",\"@id\":\"https:\/\/aulari.cat\/#\/schema\/logo\/image\/\",\"url\":\"https:\/\/aulari.cat\/wp-content\/uploads\/2023\/09\/logo-aulari-taller-de-cuina.png\",\"contentUrl\":\"https:\/\/aulari.cat\/wp-content\/uploads\/2023\/09\/logo-aulari-taller-de-cuina.png\",\"width\":198,\"height\":115,\"caption\":\"aulari\"},\"image\":{\"@id\":\"https:\/\/aulari.cat\/#\/schema\/logo\/image\/\"},\"sameAs\":[\"https:\/\/www.instagram.com\/aularitaller\"]}]}<\/script>\n<!-- \/ Yoast SEO plugin. -->","yoast_head_json":{"title":"Taller de arroces nivell 1. dia 19-02-25 a les 18h. - aulari","description":"Introducci\u00f3n al mundo del arroz: las variedades y las t\u00e9cnicas de cocci\u00f3n. Elaboraci\u00f3n y cata de tres arroces con tres t\u00e9cnicas diferentes desde el inicio y posterior degustaci\u00f3n. Taller de iniciaci\u00f3n que permite el acceso a un taller de arroces superior","robots":{"index":"index","follow":"follow","max-snippet":"max-snippet:-1","max-image-preview":"max-image-preview:large","max-video-preview":"max-video-preview:-1"},"canonical":"https:\/\/aulari.cat\/es\/curso\/taller-de-arroces-nivell-1-dia-19-02-25-a-les-18h\/","og_locale":"es_ES","og_type":"article","og_title":"Taller de arroces nivell 1. dia 19-02-25 a les 18h. - aulari","og_description":"Introducci\u00f3n al mundo del arroz: las variedades y las t\u00e9cnicas de cocci\u00f3n. Elaboraci\u00f3n y cata de tres arroces con tres t\u00e9cnicas diferentes desde el inicio y posterior degustaci\u00f3n. Taller de iniciaci\u00f3n que permite el acceso a un taller de arroces superior","og_url":"https:\/\/aulari.cat\/es\/curso\/taller-de-arroces-nivell-1-dia-19-02-25-a-les-18h\/","og_site_name":"aulari","og_image":[{"width":570,"height":727,"url":"https:\/\/aulari.cat\/wp-content\/uploads\/2023\/10\/arros-e1762441367959.jpg","type":"image\/jpeg"}],"twitter_card":"summary_large_image","twitter_misc":{"Tiempo de lectura":"1 minuto"},"schema":{"@context":"https:\/\/schema.org","@graph":[{"@type":"WebPage","@id":"https:\/\/aulari.cat\/es\/curso\/taller-de-arroces-nivell-1-dia-19-02-25-a-les-18h\/","url":"https:\/\/aulari.cat\/es\/curso\/taller-de-arroces-nivell-1-dia-19-02-25-a-les-18h\/","name":"Taller de arroces nivell 1. dia 19-02-25 a les 18h. - aulari","isPartOf":{"@id":"https:\/\/aulari.cat\/#website"},"primaryImageOfPage":{"@id":"https:\/\/aulari.cat\/es\/curso\/taller-de-arroces-nivell-1-dia-19-02-25-a-les-18h\/#primaryimage"},"image":{"@id":"https:\/\/aulari.cat\/es\/curso\/taller-de-arroces-nivell-1-dia-19-02-25-a-les-18h\/#primaryimage"},"thumbnailUrl":"https:\/\/aulari.cat\/wp-content\/uploads\/2023\/10\/arros-e1762441367959.jpg","datePublished":"2026-01-16T12:53:52+00:00","dateModified":"2026-01-16T12:53:52+00:00","description":"Introducci\u00f3n al mundo del arroz: las variedades y las t\u00e9cnicas de cocci\u00f3n. Elaboraci\u00f3n y cata de tres arroces con tres t\u00e9cnicas diferentes desde el inicio y posterior degustaci\u00f3n. Taller de iniciaci\u00f3n que permite el acceso a un taller de arroces superior","breadcrumb":{"@id":"https:\/\/aulari.cat\/es\/curso\/taller-de-arroces-nivell-1-dia-19-02-25-a-les-18h\/#breadcrumb"},"inLanguage":"es","potentialAction":[{"@type":"ReadAction","target":["https:\/\/aulari.cat\/es\/curso\/taller-de-arroces-nivell-1-dia-19-02-25-a-les-18h\/"]}]},{"@type":"ImageObject","inLanguage":"es","@id":"https:\/\/aulari.cat\/es\/curso\/taller-de-arroces-nivell-1-dia-19-02-25-a-les-18h\/#primaryimage","url":"https:\/\/aulari.cat\/wp-content\/uploads\/2023\/10\/arros-e1762441367959.jpg","contentUrl":"https:\/\/aulari.cat\/wp-content\/uploads\/2023\/10\/arros-e1762441367959.jpg","width":570,"height":727,"caption":"Taller de cuina arros"},{"@type":"BreadcrumbList","@id":"https:\/\/aulari.cat\/es\/curso\/taller-de-arroces-nivell-1-dia-19-02-25-a-les-18h\/#breadcrumb","itemListElement":[{"@type":"ListItem","position":1,"name":"Inici","item":"https:\/\/aulari.cat\/es\/inicio\/"},{"@type":"ListItem","position":2,"name":"Esdeveniments","item":"https:\/\/aulari.cat\/cursos\/"},{"@type":"ListItem","position":3,"name":"Taller de arroces nivell 1. dia 19-02-25 a les 18h."}]},{"@type":"WebSite","@id":"https:\/\/aulari.cat\/#website","url":"https:\/\/aulari.cat\/","name":"Taller de cuina Aulari","description":"Taller de cuina","publisher":{"@id":"https:\/\/aulari.cat\/#organization"},"potentialAction":[{"@type":"SearchAction","target":{"@type":"EntryPoint","urlTemplate":"https:\/\/aulari.cat\/?s={search_term_string}"},"query-input":{"@type":"PropertyValueSpecification","valueRequired":true,"valueName":"search_term_string"}}],"inLanguage":"es"},{"@type":"Organization","@id":"https:\/\/aulari.cat\/#organization","name":"aulari","url":"https:\/\/aulari.cat\/","logo":{"@type":"ImageObject","inLanguage":"es","@id":"https:\/\/aulari.cat\/#\/schema\/logo\/image\/","url":"https:\/\/aulari.cat\/wp-content\/uploads\/2023\/09\/logo-aulari-taller-de-cuina.png","contentUrl":"https:\/\/aulari.cat\/wp-content\/uploads\/2023\/09\/logo-aulari-taller-de-cuina.png","width":198,"height":115,"caption":"aulari"},"image":{"@id":"https:\/\/aulari.cat\/#\/schema\/logo\/image\/"},"sameAs":["https:\/\/www.instagram.com\/aularitaller"]}]}},"ticketed":false,"_links":{"self":[{"href":"https:\/\/aulari.cat\/es\/wp-json\/wp\/v2\/tribe_events\/1927","targetHints":{"allow":["GET"]}}],"collection":[{"href":"https:\/\/aulari.cat\/es\/wp-json\/wp\/v2\/tribe_events"}],"about":[{"href":"https:\/\/aulari.cat\/es\/wp-json\/wp\/v2\/types\/tribe_events"}],"author":[{"embeddable":true,"href":"https:\/\/aulari.cat\/es\/wp-json\/wp\/v2\/users\/2"}],"replies":[{"embeddable":true,"href":"https:\/\/aulari.cat\/es\/wp-json\/wp\/v2\/comments?post=1927"}],"version-history":[{"count":0,"href":"https:\/\/aulari.cat\/es\/wp-json\/wp\/v2\/tribe_events\/1927\/revisions"}],"wp:featuredmedia":[{"embeddable":true,"href":"https:\/\/aulari.cat\/es\/wp-json\/wp\/v2\/media\/880"}],"wp:attachment":[{"href":"https:\/\/aulari.cat\/es\/wp-json\/wp\/v2\/media?parent=1927"}],"wp:term":[{"taxonomy":"post_tag","embeddable":true,"href":"https:\/\/aulari.cat\/es\/wp-json\/wp\/v2\/tags?post=1927"},{"taxonomy":"tribe_events_cat","embeddable":true,"href":"https:\/\/aulari.cat\/es\/wp-json\/wp\/v2\/tribe_events_cat?post=1927"}],"curies":[{"name":"wp","href":"https:\/\/api.w.org\/{rel}","templated":true}]}}

<p>Introducción al mundo del arroz: las variedades y las técnicas de cocción. Elaboración y cata de tres arroces con tres técnicas diferentes desde el inicio y posterior degustación. Taller de iniciación que permite el acceso a un taller de arroces superior</p>
<p>Recipientes y útiles más habituales. Los sofritos, las “marcas” y los caldos.</p>
<p>Desmontamos tópicos y asentamos las bases para cocinar un buen arroz de forma exitosa</p>
<p>Elaboración y cata de tres arroces con tres técnicas distintas desde el inicio y posterior degustación.</p>
<p>Taller de iniciación que permite el acceso a un taller de arroces superior</p>

<p>Introducción al mundo del arroz: las variedades y las técnicas de cocción. Elaboración y cata de tres arroces con tres técnicas diferentes desde el inicio y posterior degustación. Taller de [&hellip;]</p>

<!-- This site is optimized with the Yoast SEO plugin v24.3 - https://yoast.com/wordpress/plugins/seo/ -->
<title>Taller de arroces nivell 1. dia 19-02-25 a les 18h. - aulari</title>
<meta name="description" content="Introducción al mundo del arroz: las variedades y las técnicas de cocción. Elaboración y cata de tres arroces con tres técnicas diferentes desde el inicio y posterior degustación. Taller de iniciación que permite el acceso a un taller de arroces superior" />
<meta name="robots" content="index, follow, max-snippet:-1, max-image-preview:large, max-video-preview:-1" />
<link rel="canonical" href="https://aulari.cat/es/curso/taller-de-arroces-nivell-1-dia-19-02-25-a-les-18h/" />
<meta property="og:locale" content="es_ES" />
<meta property="og:type" content="article" />
<meta property="og:title" content="Taller de arroces nivell 1. dia 19-02-25 a les 18h. - aulari" />
<meta property="og:description" content="Introducción al mundo del arroz: las variedades y las técnicas de cocción. Elaboración y cata de tres arroces con tres técnicas diferentes desde el inicio y posterior degustación. Taller de iniciación que permite el acceso a un taller de arroces superior" />
<meta property="og:url" content="https://aulari.cat/es/curso/taller-de-arroces-nivell-1-dia-19-02-25-a-les-18h/" />
<meta property="og:site_name" content="aulari" />
<meta property="og:image" content="https://aulari.cat/wp-content/uploads/2023/10/arros-e1762441367959.jpg" />
	<meta property="og:image:width" content="570" />
	<meta property="og:image:height" content="727" />
	<meta property="og:image:type" content="image/jpeg" />
<meta name="twitter:card" content="summary_large_image" />
<meta name="twitter:label1" content="Tiempo de lectura" />
	<meta name="twitter:data1" content="1 minuto" />
<script type="application/ld+json" class="yoast-schema-graph">{"@context":"https://schema.org","@graph":[{"@type":"WebPage","@id":"https://aulari.cat/es/curso/taller-de-arroces-nivell-1-dia-19-02-25-a-les-18h/","url":"https://aulari.cat/es/curso/taller-de-arroces-nivell-1-dia-19-02-25-a-les-18h/","name":"Taller de arroces nivell 1. dia 19-02-25 a les 18h. - aulari","isPartOf":{"@id":"https://aulari.cat/#website"},"primaryImageOfPage":{"@id":"https://aulari.cat/es/curso/taller-de-arroces-nivell-1-dia-19-02-25-a-les-18h/#primaryimage"},"image":{"@id":"https://aulari.cat/es/curso/taller-de-arroces-nivell-1-dia-19-02-25-a-les-18h/#primaryimage"},"thumbnailUrl":"https://aulari.cat/wp-content/uploads/2023/10/arros-e1762441367959.jpg","datePublished":"2026-01-16T12:53:52+00:00","dateModified":"2026-01-16T12:53:52+00:00","description":"Introducción al mundo del arroz: las variedades y las técnicas de cocción. Elaboración y cata de tres arroces con tres técnicas diferentes desde el inicio y posterior degustación. Taller de iniciación que permite el acceso a un taller de arroces superior","breadcrumb":{"@id":"https://aulari.cat/es/curso/taller-de-arroces-nivell-1-dia-19-02-25-a-les-18h/#breadcrumb"},"inLanguage":"es","potentialAction":[{"@type":"ReadAction","target":["https://aulari.cat/es/curso/taller-de-arroces-nivell-1-dia-19-02-25-a-les-18h/"]}]},{"@type":"ImageObject","inLanguage":"es","@id":"https://aulari.cat/es/curso/taller-de-arroces-nivell-1-dia-19-02-25-a-les-18h/#primaryimage","url":"https://aulari.cat/wp-content/uploads/2023/10/arros-e1762441367959.jpg","contentUrl":"https://aulari.cat/wp-content/uploads/2023/10/arros-e1762441367959.jpg","width":570,"height":727,"caption":"Taller de cuina arros"},{"@type":"BreadcrumbList","@id":"https://aulari.cat/es/curso/taller-de-arroces-nivell-1-dia-19-02-25-a-les-18h/#breadcrumb","itemListElement":[{"@type":"ListItem","position":1,"name":"Inici","item":"https://aulari.cat/es/inicio/"},{"@type":"ListItem","position":2,"name":"Esdeveniments","item":"https://aulari.cat/cursos/"},{"@type":"ListItem","position":3,"name":"Taller de arroces nivell 1. dia 19-02-25 a les 18h."}]},{"@type":"WebSite","@id":"https://aulari.cat/#website","url":"https://aulari.cat/","name":"Taller de cuina Aulari","description":"Taller de cuina","publisher":{"@id":"https://aulari.cat/#organization"},"potentialAction":[{"@type":"SearchAction","target":{"@type":"EntryPoint","urlTemplate":"https://aulari.cat/?s={search_term_string}"},"query-input":{"@type":"PropertyValueSpecification","valueRequired":true,"valueName":"search_term_string"}}],"inLanguage":"es"},{"@type":"Organization","@id":"https://aulari.cat/#organization","name":"aulari","url":"https://aulari.cat/","logo":{"@type":"ImageObject","inLanguage":"es","@id":"https://aulari.cat/#/schema/logo/image/","url":"https://aulari.cat/wp-content/uploads/2023/09/logo-aulari-taller-de-cuina.png","contentUrl":"https://aulari.cat/wp-content/uploads/2023/09/logo-aulari-taller-de-cuina.png","width":198,"height":115,"caption":"aulari"},"image":{"@id":"https://aulari.cat/#/schema/logo/image/"},"sameAs":["https://www.instagram.com/aularitaller"]}]}</script>
<!-- / Yoast SEO plugin. -->

Introducción al mundo del arroz: las variedades y las técnicas de cocción. Elaboración y cata de tres arroces con tres técnicas diferentes desde el inicio y posterior degustación. Taller de iniciación que permite el acceso a un taller de arroces superior
