{"id":1722,"date":"2025-01-02T13:16:56","date_gmt":"2025-01-02T12:16:56","guid":{"rendered":"https:\/\/aulari.cat\/curso\/reposteria-saludable-dia-28-02-25-a-le-17h\/"},"modified":"2025-01-02T13:16:56","modified_gmt":"2025-01-02T12:16:56","slug":"reposteria-saludable-dia-28-02-25-a-le-17h","status":"publish","type":"tribe_events","link":"https:\/\/aulari.cat\/es\/curso\/reposteria-saludable-dia-28-02-25-a-le-17h\/","title":{"rendered":"Reposteria saludable dia 28\/02\/25 a le 17h."},"content":{"rendered":"<p>Conoceremos qu\u00e9 productos podemos utilizar sin gluten, ni l\u00e1cteos, ni az\u00facares refinados. \u00bfQuieres venir a probar un cheescake, unos panellets super f\u00e1ciles, bizcocho o un arroz de leche?<\/p>\n<p>&nbsp;<\/p>\n","protected":false},"excerpt":{"rendered":"<p>Conoceremos qu\u00e9 productos podemos utilizar sin gluten, ni l\u00e1cteos, ni az\u00facares refinados. \u00bfQuieres venir a probar un cheescake, unos panellets super f\u00e1ciles, bizcocho o un arroz de leche? &nbsp;<\/p>\n","protected":false},"author":2,"featured_media":1605,"comment_status":"open","ping_status":"closed","template":"","meta":{"_acf_changed":false,"_price":"","_stock":"","_tribe_ticket_header":"","_tribe_default_ticket_provider":"","_tribe_ticket_capacity":"0","_ticket_start_date":"","_ticket_end_date":"","_tribe_ticket_show_description":"","_tribe_ticket_show_not_going":false,"_tribe_ticket_use_global_stock":"","_tribe_ticket_global_stock_level":"","_global_stock_mode":"","_global_stock_cap":"","_tribe_rsvp_for_event":"","_tribe_ticket_going_count":"","_tribe_ticket_not_going_count":"","_tribe_tickets_list":"[]","_tribe_ticket_has_attendee_info_fields":false,"_tribe_events_status":"","_tribe_events_status_reason":"","footnotes":"","_tec_slr_enabled":"","_tec_slr_layout":""},"tags":[],"tribe_events_cat":[82],"class_list":["post-1722","tribe_events","type-tribe_events","status-publish","has-post-thumbnail","hentry","tribe_events_cat-talleres-cocina-vegana","cat_talleres-cocina-vegana"],"acf":[],"yoast_head":"<!-- This site is optimized with the Yoast SEO plugin v24.3 - https:\/\/yoast.com\/wordpress\/plugins\/seo\/ -->\n<title>Reposteria saludable dia 28\/02\/25 a le 17h. - aulari<\/title>\n<meta name=\"description\" content=\"Conoceremos qu\u00e9 productos podemos utilizar sin gluten, ni l\u00e1cteos, ni az\u00facares refinados. \u00bfQuieres venir a probar un cheescake, unos panellets super f\u00e1ciles, bizcocho o un arroz de leche?\" \/>\n<meta name=\"robots\" content=\"index, follow, max-snippet:-1, max-image-preview:large, max-video-preview:-1\" \/>\n<link rel=\"canonical\" href=\"https:\/\/aulari.cat\/es\/curso\/reposteria-saludable-dia-28-02-25-a-le-17h\/\" \/>\n<meta property=\"og:locale\" content=\"es_ES\" \/>\n<meta property=\"og:type\" content=\"article\" \/>\n<meta property=\"og:title\" content=\"Reposteria saludable dia 28\/02\/25 a le 17h. - aulari\" \/>\n<meta property=\"og:description\" content=\"Conoceremos qu\u00e9 productos podemos utilizar sin gluten, ni l\u00e1cteos, ni az\u00facares refinados. \u00bfQuieres venir a probar un cheescake, unos panellets super f\u00e1ciles, bizcocho o un arroz de leche?\" \/>\n<meta property=\"og:url\" content=\"https:\/\/aulari.cat\/es\/curso\/reposteria-saludable-dia-28-02-25-a-le-17h\/\" \/>\n<meta property=\"og:site_name\" content=\"aulari\" \/>\n<meta property=\"og:image\" content=\"https:\/\/aulari.cat\/wp-content\/uploads\/2024\/12\/PHOTO-2024-12-19-20-05-06.jpg\" \/>\n\t<meta property=\"og:image:width\" content=\"1080\" \/>\n\t<meta property=\"og:image:height\" content=\"1080\" \/>\n\t<meta property=\"og:image:type\" content=\"image\/jpeg\" \/>\n<meta name=\"twitter:card\" content=\"summary_large_image\" \/>\n<script type=\"application\/ld+json\" class=\"yoast-schema-graph\">{\"@context\":\"https:\/\/schema.org\",\"@graph\":[{\"@type\":\"WebPage\",\"@id\":\"https:\/\/aulari.cat\/es\/curso\/reposteria-saludable-dia-28-02-25-a-le-17h\/\",\"url\":\"https:\/\/aulari.cat\/es\/curso\/reposteria-saludable-dia-28-02-25-a-le-17h\/\",\"name\":\"Reposteria saludable dia 28\/02\/25 a le 17h. - aulari\",\"isPartOf\":{\"@id\":\"https:\/\/aulari.cat\/#website\"},\"primaryImageOfPage\":{\"@id\":\"https:\/\/aulari.cat\/es\/curso\/reposteria-saludable-dia-28-02-25-a-le-17h\/#primaryimage\"},\"image\":{\"@id\":\"https:\/\/aulari.cat\/es\/curso\/reposteria-saludable-dia-28-02-25-a-le-17h\/#primaryimage\"},\"thumbnailUrl\":\"https:\/\/aulari.cat\/wp-content\/uploads\/2024\/12\/PHOTO-2024-12-19-20-05-06.jpg\",\"datePublished\":\"2025-01-02T12:16:56+00:00\",\"dateModified\":\"2025-01-02T12:16:56+00:00\",\"description\":\"Conoceremos qu\u00e9 productos podemos utilizar sin gluten, ni l\u00e1cteos, ni az\u00facares refinados. \u00bfQuieres venir a probar un cheescake, unos panellets super f\u00e1ciles, bizcocho o un arroz de leche?\",\"breadcrumb\":{\"@id\":\"https:\/\/aulari.cat\/es\/curso\/reposteria-saludable-dia-28-02-25-a-le-17h\/#breadcrumb\"},\"inLanguage\":\"es\",\"potentialAction\":[{\"@type\":\"ReadAction\",\"target\":[\"https:\/\/aulari.cat\/es\/curso\/reposteria-saludable-dia-28-02-25-a-le-17h\/\"]}]},{\"@type\":\"ImageObject\",\"inLanguage\":\"es\",\"@id\":\"https:\/\/aulari.cat\/es\/curso\/reposteria-saludable-dia-28-02-25-a-le-17h\/#primaryimage\",\"url\":\"https:\/\/aulari.cat\/wp-content\/uploads\/2024\/12\/PHOTO-2024-12-19-20-05-06.jpg\",\"contentUrl\":\"https:\/\/aulari.cat\/wp-content\/uploads\/2024\/12\/PHOTO-2024-12-19-20-05-06.jpg\",\"width\":1080,\"height\":1080},{\"@type\":\"BreadcrumbList\",\"@id\":\"https:\/\/aulari.cat\/es\/curso\/reposteria-saludable-dia-28-02-25-a-le-17h\/#breadcrumb\",\"itemListElement\":[{\"@type\":\"ListItem\",\"position\":1,\"name\":\"Inici\",\"item\":\"https:\/\/aulari.cat\/es\/inicio\/\"},{\"@type\":\"ListItem\",\"position\":2,\"name\":\"Esdeveniments\",\"item\":\"https:\/\/aulari.cat\/cursos\/\"},{\"@type\":\"ListItem\",\"position\":3,\"name\":\"Reposteria saludable dia 28\/02\/25 a le 17h.\"}]},{\"@type\":\"WebSite\",\"@id\":\"https:\/\/aulari.cat\/#website\",\"url\":\"https:\/\/aulari.cat\/\",\"name\":\"Taller de cuina Aulari\",\"description\":\"Taller de cuina\",\"publisher\":{\"@id\":\"https:\/\/aulari.cat\/#organization\"},\"potentialAction\":[{\"@type\":\"SearchAction\",\"target\":{\"@type\":\"EntryPoint\",\"urlTemplate\":\"https:\/\/aulari.cat\/?s={search_term_string}\"},\"query-input\":{\"@type\":\"PropertyValueSpecification\",\"valueRequired\":true,\"valueName\":\"search_term_string\"}}],\"inLanguage\":\"es\"},{\"@type\":\"Organization\",\"@id\":\"https:\/\/aulari.cat\/#organization\",\"name\":\"aulari\",\"url\":\"https:\/\/aulari.cat\/\",\"logo\":{\"@type\":\"ImageObject\",\"inLanguage\":\"es\",\"@id\":\"https:\/\/aulari.cat\/#\/schema\/logo\/image\/\",\"url\":\"https:\/\/aulari.cat\/wp-content\/uploads\/2023\/09\/logo-aulari-taller-de-cuina.png\",\"contentUrl\":\"https:\/\/aulari.cat\/wp-content\/uploads\/2023\/09\/logo-aulari-taller-de-cuina.png\",\"width\":198,\"height\":115,\"caption\":\"aulari\"},\"image\":{\"@id\":\"https:\/\/aulari.cat\/#\/schema\/logo\/image\/\"},\"sameAs\":[\"https:\/\/www.instagram.com\/aularitaller\"]}]}<\/script>\n<!-- \/ Yoast SEO plugin. -->","yoast_head_json":{"title":"Reposteria saludable dia 28\/02\/25 a le 17h. - aulari","description":"Conoceremos qu\u00e9 productos podemos utilizar sin gluten, ni l\u00e1cteos, ni az\u00facares refinados. \u00bfQuieres venir a probar un cheescake, unos panellets super f\u00e1ciles, bizcocho o un arroz de leche?","robots":{"index":"index","follow":"follow","max-snippet":"max-snippet:-1","max-image-preview":"max-image-preview:large","max-video-preview":"max-video-preview:-1"},"canonical":"https:\/\/aulari.cat\/es\/curso\/reposteria-saludable-dia-28-02-25-a-le-17h\/","og_locale":"es_ES","og_type":"article","og_title":"Reposteria saludable dia 28\/02\/25 a le 17h. - aulari","og_description":"Conoceremos qu\u00e9 productos podemos utilizar sin gluten, ni l\u00e1cteos, ni az\u00facares refinados. \u00bfQuieres venir a probar un cheescake, unos panellets super f\u00e1ciles, bizcocho o un arroz de leche?","og_url":"https:\/\/aulari.cat\/es\/curso\/reposteria-saludable-dia-28-02-25-a-le-17h\/","og_site_name":"aulari","og_image":[{"width":1080,"height":1080,"url":"https:\/\/aulari.cat\/wp-content\/uploads\/2024\/12\/PHOTO-2024-12-19-20-05-06.jpg","type":"image\/jpeg"}],"twitter_card":"summary_large_image","schema":{"@context":"https:\/\/schema.org","@graph":[{"@type":"WebPage","@id":"https:\/\/aulari.cat\/es\/curso\/reposteria-saludable-dia-28-02-25-a-le-17h\/","url":"https:\/\/aulari.cat\/es\/curso\/reposteria-saludable-dia-28-02-25-a-le-17h\/","name":"Reposteria saludable dia 28\/02\/25 a le 17h. - aulari","isPartOf":{"@id":"https:\/\/aulari.cat\/#website"},"primaryImageOfPage":{"@id":"https:\/\/aulari.cat\/es\/curso\/reposteria-saludable-dia-28-02-25-a-le-17h\/#primaryimage"},"image":{"@id":"https:\/\/aulari.cat\/es\/curso\/reposteria-saludable-dia-28-02-25-a-le-17h\/#primaryimage"},"thumbnailUrl":"https:\/\/aulari.cat\/wp-content\/uploads\/2024\/12\/PHOTO-2024-12-19-20-05-06.jpg","datePublished":"2025-01-02T12:16:56+00:00","dateModified":"2025-01-02T12:16:56+00:00","description":"Conoceremos qu\u00e9 productos podemos utilizar sin gluten, ni l\u00e1cteos, ni az\u00facares refinados. \u00bfQuieres venir a probar un cheescake, unos panellets super f\u00e1ciles, bizcocho o un arroz de leche?","breadcrumb":{"@id":"https:\/\/aulari.cat\/es\/curso\/reposteria-saludable-dia-28-02-25-a-le-17h\/#breadcrumb"},"inLanguage":"es","potentialAction":[{"@type":"ReadAction","target":["https:\/\/aulari.cat\/es\/curso\/reposteria-saludable-dia-28-02-25-a-le-17h\/"]}]},{"@type":"ImageObject","inLanguage":"es","@id":"https:\/\/aulari.cat\/es\/curso\/reposteria-saludable-dia-28-02-25-a-le-17h\/#primaryimage","url":"https:\/\/aulari.cat\/wp-content\/uploads\/2024\/12\/PHOTO-2024-12-19-20-05-06.jpg","contentUrl":"https:\/\/aulari.cat\/wp-content\/uploads\/2024\/12\/PHOTO-2024-12-19-20-05-06.jpg","width":1080,"height":1080},{"@type":"BreadcrumbList","@id":"https:\/\/aulari.cat\/es\/curso\/reposteria-saludable-dia-28-02-25-a-le-17h\/#breadcrumb","itemListElement":[{"@type":"ListItem","position":1,"name":"Inici","item":"https:\/\/aulari.cat\/es\/inicio\/"},{"@type":"ListItem","position":2,"name":"Esdeveniments","item":"https:\/\/aulari.cat\/cursos\/"},{"@type":"ListItem","position":3,"name":"Reposteria saludable dia 28\/02\/25 a le 17h."}]},{"@type":"WebSite","@id":"https:\/\/aulari.cat\/#website","url":"https:\/\/aulari.cat\/","name":"Taller de cuina Aulari","description":"Taller de cuina","publisher":{"@id":"https:\/\/aulari.cat\/#organization"},"potentialAction":[{"@type":"SearchAction","target":{"@type":"EntryPoint","urlTemplate":"https:\/\/aulari.cat\/?s={search_term_string}"},"query-input":{"@type":"PropertyValueSpecification","valueRequired":true,"valueName":"search_term_string"}}],"inLanguage":"es"},{"@type":"Organization","@id":"https:\/\/aulari.cat\/#organization","name":"aulari","url":"https:\/\/aulari.cat\/","logo":{"@type":"ImageObject","inLanguage":"es","@id":"https:\/\/aulari.cat\/#\/schema\/logo\/image\/","url":"https:\/\/aulari.cat\/wp-content\/uploads\/2023\/09\/logo-aulari-taller-de-cuina.png","contentUrl":"https:\/\/aulari.cat\/wp-content\/uploads\/2023\/09\/logo-aulari-taller-de-cuina.png","width":198,"height":115,"caption":"aulari"},"image":{"@id":"https:\/\/aulari.cat\/#\/schema\/logo\/image\/"},"sameAs":["https:\/\/www.instagram.com\/aularitaller"]}]}},"ticketed":false,"_links":{"self":[{"href":"https:\/\/aulari.cat\/es\/wp-json\/wp\/v2\/tribe_events\/1722","targetHints":{"allow":["GET"]}}],"collection":[{"href":"https:\/\/aulari.cat\/es\/wp-json\/wp\/v2\/tribe_events"}],"about":[{"href":"https:\/\/aulari.cat\/es\/wp-json\/wp\/v2\/types\/tribe_events"}],"author":[{"embeddable":true,"href":"https:\/\/aulari.cat\/es\/wp-json\/wp\/v2\/users\/2"}],"replies":[{"embeddable":true,"href":"https:\/\/aulari.cat\/es\/wp-json\/wp\/v2\/comments?post=1722"}],"version-history":[{"count":0,"href":"https:\/\/aulari.cat\/es\/wp-json\/wp\/v2\/tribe_events\/1722\/revisions"}],"wp:featuredmedia":[{"embeddable":true,"href":"https:\/\/aulari.cat\/es\/wp-json\/wp\/v2\/media\/1605"}],"wp:attachment":[{"href":"https:\/\/aulari.cat\/es\/wp-json\/wp\/v2\/media?parent=1722"}],"wp:term":[{"taxonomy":"post_tag","embeddable":true,"href":"https:\/\/aulari.cat\/es\/wp-json\/wp\/v2\/tags?post=1722"},{"taxonomy":"tribe_events_cat","embeddable":true,"href":"https:\/\/aulari.cat\/es\/wp-json\/wp\/v2\/tribe_events_cat?post=1722"}],"curies":[{"name":"wp","href":"https:\/\/api.w.org\/{rel}","templated":true}]}}

<p>Conoceremos qué productos podemos utilizar sin gluten, ni lácteos, ni azúcares refinados. ¿Quieres venir a probar un cheescake, unos panellets super fáciles, bizcocho o un arroz de leche?</p>
<p>&nbsp;</p>

<p>Conoceremos qué productos podemos utilizar sin gluten, ni lácteos, ni azúcares refinados. ¿Quieres venir a probar un cheescake, unos panellets super fáciles, bizcocho o un arroz de leche? &nbsp;</p>

<!-- This site is optimized with the Yoast SEO plugin v24.3 - https://yoast.com/wordpress/plugins/seo/ -->
<title>Reposteria saludable dia 28/02/25 a le 17h. - aulari</title>
<meta name="description" content="Conoceremos qué productos podemos utilizar sin gluten, ni lácteos, ni azúcares refinados. ¿Quieres venir a probar un cheescake, unos panellets super fáciles, bizcocho o un arroz de leche?" />
<meta name="robots" content="index, follow, max-snippet:-1, max-image-preview:large, max-video-preview:-1" />
<link rel="canonical" href="https://aulari.cat/es/curso/reposteria-saludable-dia-28-02-25-a-le-17h/" />
<meta property="og:locale" content="es_ES" />
<meta property="og:type" content="article" />
<meta property="og:title" content="Reposteria saludable dia 28/02/25 a le 17h. - aulari" />
<meta property="og:description" content="Conoceremos qué productos podemos utilizar sin gluten, ni lácteos, ni azúcares refinados. ¿Quieres venir a probar un cheescake, unos panellets super fáciles, bizcocho o un arroz de leche?" />
<meta property="og:url" content="https://aulari.cat/es/curso/reposteria-saludable-dia-28-02-25-a-le-17h/" />
<meta property="og:site_name" content="aulari" />
<meta property="og:image" content="https://aulari.cat/wp-content/uploads/2024/12/PHOTO-2024-12-19-20-05-06.jpg" />
	<meta property="og:image:width" content="1080" />
	<meta property="og:image:height" content="1080" />
	<meta property="og:image:type" content="image/jpeg" />
<meta name="twitter:card" content="summary_large_image" />
<script type="application/ld+json" class="yoast-schema-graph">{"@context":"https://schema.org","@graph":[{"@type":"WebPage","@id":"https://aulari.cat/es/curso/reposteria-saludable-dia-28-02-25-a-le-17h/","url":"https://aulari.cat/es/curso/reposteria-saludable-dia-28-02-25-a-le-17h/","name":"Reposteria saludable dia 28/02/25 a le 17h. - aulari","isPartOf":{"@id":"https://aulari.cat/#website"},"primaryImageOfPage":{"@id":"https://aulari.cat/es/curso/reposteria-saludable-dia-28-02-25-a-le-17h/#primaryimage"},"image":{"@id":"https://aulari.cat/es/curso/reposteria-saludable-dia-28-02-25-a-le-17h/#primaryimage"},"thumbnailUrl":"https://aulari.cat/wp-content/uploads/2024/12/PHOTO-2024-12-19-20-05-06.jpg","datePublished":"2025-01-02T12:16:56+00:00","dateModified":"2025-01-02T12:16:56+00:00","description":"Conoceremos qué productos podemos utilizar sin gluten, ni lácteos, ni azúcares refinados. ¿Quieres venir a probar un cheescake, unos panellets super fáciles, bizcocho o un arroz de leche?","breadcrumb":{"@id":"https://aulari.cat/es/curso/reposteria-saludable-dia-28-02-25-a-le-17h/#breadcrumb"},"inLanguage":"es","potentialAction":[{"@type":"ReadAction","target":["https://aulari.cat/es/curso/reposteria-saludable-dia-28-02-25-a-le-17h/"]}]},{"@type":"ImageObject","inLanguage":"es","@id":"https://aulari.cat/es/curso/reposteria-saludable-dia-28-02-25-a-le-17h/#primaryimage","url":"https://aulari.cat/wp-content/uploads/2024/12/PHOTO-2024-12-19-20-05-06.jpg","contentUrl":"https://aulari.cat/wp-content/uploads/2024/12/PHOTO-2024-12-19-20-05-06.jpg","width":1080,"height":1080},{"@type":"BreadcrumbList","@id":"https://aulari.cat/es/curso/reposteria-saludable-dia-28-02-25-a-le-17h/#breadcrumb","itemListElement":[{"@type":"ListItem","position":1,"name":"Inici","item":"https://aulari.cat/es/inicio/"},{"@type":"ListItem","position":2,"name":"Esdeveniments","item":"https://aulari.cat/cursos/"},{"@type":"ListItem","position":3,"name":"Reposteria saludable dia 28/02/25 a le 17h."}]},{"@type":"WebSite","@id":"https://aulari.cat/#website","url":"https://aulari.cat/","name":"Taller de cuina Aulari","description":"Taller de cuina","publisher":{"@id":"https://aulari.cat/#organization"},"potentialAction":[{"@type":"SearchAction","target":{"@type":"EntryPoint","urlTemplate":"https://aulari.cat/?s={search_term_string}"},"query-input":{"@type":"PropertyValueSpecification","valueRequired":true,"valueName":"search_term_string"}}],"inLanguage":"es"},{"@type":"Organization","@id":"https://aulari.cat/#organization","name":"aulari","url":"https://aulari.cat/","logo":{"@type":"ImageObject","inLanguage":"es","@id":"https://aulari.cat/#/schema/logo/image/","url":"https://aulari.cat/wp-content/uploads/2023/09/logo-aulari-taller-de-cuina.png","contentUrl":"https://aulari.cat/wp-content/uploads/2023/09/logo-aulari-taller-de-cuina.png","width":198,"height":115,"caption":"aulari"},"image":{"@id":"https://aulari.cat/#/schema/logo/image/"},"sameAs":["https://www.instagram.com/aularitaller"]}]}</script>
<!-- / Yoast SEO plugin. -->

Conoceremos qué productos podemos utilizar sin gluten, ni lácteos, ni azúcares refinados. ¿Quieres venir a probar un cheescake, unos panellets super fáciles, bizcocho o un arroz de leche?
